{"version":"1.0","provider_name":"MAJA","provider_url":"https:\/\/ajakirimaja.ee\/en\/","author_name":"kaire","author_url":"https:\/\/ajakirimaja.ee\/en\/author\/kaire\/","title":"The Association for Spatial Culture - MAJA","type":"rich","width":600,"height":338,"html":"<blockquote class=\"wp-embedded-content\" data-secret=\"BQk0j3eAWy\"><a href=\"https:\/\/ajakirimaja.ee\/en\/the-association-for-spatial-culture\/\">The Association for Spatial Culture<\/a><\/blockquote><iframe sandbox=\"allow-scripts\" security=\"restricted\" src=\"https:\/\/ajakirimaja.ee\/en\/the-association-for-spatial-culture\/embed\/#?secret=BQk0j3eAWy\" width=\"600\" height=\"338\" title=\"&#8220;The Association for Spatial Culture&#8221; &#8212; MAJA\" data-secret=\"BQk0j3eAWy\" frameborder=\"0\" marginwidth=\"0\" marginheight=\"0\" scrolling=\"no\" class=\"wp-embedded-content\"><\/iframe><script>\n\/*! This file is auto-generated *\/\n!function(d,l){\"use strict\";l.querySelector&&d.addEventListener&&\"undefined\"!=typeof URL&&(d.wp=d.wp||{},d.wp.receiveEmbedMessage||(d.wp.receiveEmbedMessage=function(e){var t=e.data;if((t||t.secret||t.message||t.value)&&!\/[^a-zA-Z0-9]\/.test(t.secret)){for(var s,r,n,a=l.querySelectorAll('iframe[data-secret=\"'+t.secret+'\"]'),o=l.querySelectorAll('blockquote[data-secret=\"'+t.secret+'\"]'),c=new RegExp(\"^https?:$\",\"i\"),i=0;i<o.length;i++)o[i].style.display=\"none\";for(i=0;i<a.length;i++)s=a[i],e.source===s.contentWindow&&(s.removeAttribute(\"style\"),\"height\"===t.message?(1e3<(r=parseInt(t.value,10))?r=1e3:~~r<200&&(r=200),s.height=r):\"link\"===t.message&&(r=new URL(s.getAttribute(\"src\")),n=new URL(t.value),c.test(n.protocol))&&n.host===r.host&&l.activeElement===s&&(d.top.location.href=t.value))}},d.addEventListener(\"message\",d.wp.receiveEmbedMessage,!1),l.addEventListener(\"DOMContentLoaded\",function(){for(var e,t,s=l.querySelectorAll(\"iframe.wp-embedded-content\"),r=0;r<s.length;r++)(t=(e=s[r]).getAttribute(\"data-secret\"))||(t=Math.random().toString(36).substring(2,12),e.src+=\"#?secret=\"+t,e.setAttribute(\"data-secret\",t)),e.contentWindow.postMessage({message:\"ready\",secret:t},\"*\")},!1)))}(window,document);\n\/\/# sourceURL=https:\/\/ajakirimaja.ee\/wp-includes\/js\/wp-embed.min.js\n<\/script>\n","thumbnail_url":"https:\/\/ajakirimaja.ee\/wp-content\/uploads\/2024\/03\/RUUM-ja-VORM-1984-01-Priit-Poldme-arhiiv.jpg","thumbnail_width":2525,"thumbnail_height":2016,"description":"On a July evening, interior architects of various generations Taevo Gans, Kadri P\u00e4rtelpoeg, Eero J\u00fcrgenson, Pille Lausm\u00e4e, Priit P\u00f5ldme, Marje Karu and Tarmo Piirmets came together at the association\u2019s office in R\u00fc\u00fctli Street to discuss the establishment, needs and current issues of the organisation."}

On a July evening, interior architects of various generations Taevo Gans, Kadri Pärtelpoeg, Eero Jürgenson, Pille Lausmäe, Priit Põldme, Marje Karu and Tarmo Piirmets came together at the association’s office in Rüütli Street to discuss the establishment, needs and current issues of the organisation.
